?
False
Is 3691 a prime number?
True
Is 9578 composite?
True
Is 5557 composite?
False
Is 144283 a composite number?
True
Is 110477 a composite number?
False
Is 1765 composite?
True
Is 19921 composite?
True
Is 244573 prime?
False
Is 529553 prime?
False
Is 226301 a composite number?
True
Is 16183 composite?
False
Is 2857757 composite?
True
Is 1114529 a composite number?
True
Is 115043 prime?
False
Is 1507559 a composite number?
False
Is 1700603 prime?
True
Is 51329 composite?
False
Is 10709 prime?
True
Is 293 a composite number?
False
Is 24593 prime?
True
Is 3433 prime?
True
Is 5334299 prime?
True
Is 199569 composite?
True
Is 231011 a composite number?
True
Is 63967 prime?
False
Is 596399 a composite number?
False
Is 781601 composite?
False
Is 17837 a prime number?
True
Is 153871 composite?
False
Is 528373 a prime number?
True
Is 162001 a composite number?
True
Is 110083 a prime number?
True
Is 117281 a composite number?
False
Is 139541 a prime number?
False
Is 138739 prime?
True
Is 547611 a composite number?
True
Is 17707 prime?
True
Is 282767 composite?
False
Is 453469 a composite number?
True
Is 5449 a prime number?
True
Is 486433 prime?
True
Is 5809 a composite number?
True
Is 2822942 composite?
True
Is 22189 composite?
False
Is 20279 a prime number?
False
Is 594539 prime?
False
Is 230369 composite?
False
Is 31303 a composite number?
True
Is 16493 a prime number?
True
Is 3455 a prime number?
False
Is 268139 a composite number?
True
Is 413949 a prime number?
False
Is 9983 a prime number?
False
Is 18769 a composite number?
True
Is 5027 prime?
False
Is 1596981 composite?
True
Is 19583 composite?
False
Is 1039 composite?
False
Is 506035 composite?
True
Is 71141 a composite number?
True
Is 581 a composite number?
True
Is 934961 a composite number?
False
Is 10321 a prime number?
True
Is 272606 composite?
True
Is 5099 prime?
True
Is 28429 a composite number?
False
Is 84919 prime?
True
Is 1111297 a prime number?
False
Is 31981 a prime number?
True
Is 141263 a composite number?
False
Is 20311 composite?
True
Is 397981 a prime number?
True
Is 18651 a prime number?
False
Is 3181 composite?
False
Is 310969 a composite number?
False
Is 773173 prime?
False
Is 270191 composite?
False
Is 45183 composite?
True
Is 7243 a composite number?
False
Is 2762 composite?
True
Is 1141459 prime?
False
Is 3218645 composite?
True
Is 8781 composite?
True
Is 633 a composite number?
True
Is 843707 composite?
True
Is 85159 composite?
False
Is 30773 prime?
True
Is 1973 a composite number?
False
Is 10481 composite?
True
Is 98993 a composite number?
False
Is 16871 a prime number?
True
Is 134747 a composite number?
True
Is 46199 a prime number?
True
Is 192461 prime?
True
Is 55201 composite?
False
Is 5953 composite?
False
Is 104513 prime?
True
Is 386 composite?
True
Is 236207 composite?
False
Is 141263 a composite number?
False
Is 1249 a prime number?
True
Is 6865 a composite number?
True
Is 169867 composite?
True
Is 184111 composite?
False
Is 1151 a composite number?
False
Is 46373 a prime number?
False
Is 2207 a prime number?
True
Is 7451 composite?
False
Is 7661 composite?
True
Is 11027 prime?
True
Is 297359 a composite number?
False
Is 929 composite?
False
Is 211 a prime number?
True
Is 3127733 a composite number?
True
Is 338633 a prime number?
False
Is 65738 a composite number?
True
Is 56701 prime?
True
Is 5009 composite?
False
Is 36265 composite?
True
Is 832357 a composite number?
True
Is 1847 prime?
True
Is 73163 a composite number?
True
Is 1318 prime?
False
Is 6997 a prime number?
True
Is 328243 prime?
True
Is 430459 a composite number?
True
Is 169049 a prime number?
True
Is 136147 a composite number?
True
Is 16519 a composite number?
False
Is 498197 a composite number?
True
Is 956941 prime?
True
Is 6371939 composite?
True
Is 1147 a prime number?
False
Is 3437 composite?
True
Is 5981 prime?
True
Is 252277 composite?
False
Is 269017 a composite number?
True
Is 1126249 prime?
False
Is 63914 composite?
True
Is 37151 composite?
True
Is 1041799 a composite number?
True
Is 48083 prime?
False
Is 379 a prime number?
True
Is 155291 composite?
False
Is 186451 a prime number?
True
Is 32905 a composite number?
True
Is 74653 composite?
False
Is 18211 a composite number?
False
Is 131003 composite?
True
Is 491 prime?
True
Is 64723 a prime number?
False
Is 47597 composite?
True
Is 59327 composite?
True
Is 22147 a composite number?
False
Is 17863 composite?
False
Is 37865 a composite number?
True
Is 85385 a prime number?
False
Is 124693 prime?
True
Is 8803 composite?
False
Is 102757 composite?
True
Is 4001 prime?
True
Is 386457 composite?
True
Is 1214617 composite?
False
Is 61933 a composite number?
False
Is 7789 a composite number?
False
Is 316123 composite?
True
Is 314087 prime?
False
Is 868334 a prime number?
False
Is 356579 composite?
False
Is 36215 a composite number?
True
Is 97126 a composite number?
True
Is 139483 a prime number?
True
Is 31307 a composite number?
False
Is 18539 composite?
False
Is 1261477 a prime number?
False
Is 1293011 a prime number?
True
Is 57394 a prime number?
False
Is 306643 a composite number?
False
Is 2513 composite?
True
Is 35935 prime?
False
Is 1788191 prime?
True
Is 20866 composite?
True
Is 23915 composite?
True
Is 83339 a composite number?
False
Is 4596335 a prime number?
False
Is 1288769 prime?
True
Is 29411 composite?
False
Is 48467 a composite number?
True
Is 523169 composite?
False
Is 69911 a composite number?
False
Is 146281 a composite number?
True
Is 59765 a prime number?
False
Is 2280835 composite?
True
Is 2049 a prime number?
False
Is 360799 composite?
True
Is 142771 composite?
False
Is 2389 a prime number?
True
Is 182333 prime?
True
Is 9029 a prime number?
True
Is 169151 composite?
False
Is 2538481 composite?
True
Is 57037 composite?
False
Is 580705 composite?
True
Is 89291 a composite number?
True
Is 56083 prime?
False
Is 10529 prime?
True
Is 318871 prime?
False
Is 86747 prime?
False
Is 202651 a prime number?
False
Is 290107 a composite number?
False
Is 698947 composite?
True
Is 18661 a composite number?
False
Is 31967 prime?
False
Is 69109 a composite number?
False
Is 194491 composite?
True
Is 21635 composite?
True
Is 20141 a prime number?
False
Is 18229 prime?
True
Is 236939 prime?
False
Is 80111 a composite number?
False
Is 2941 a composite number?
True
Is 233407 prime?
True
Is 99971 composite?
False
Is 49831 prime?
True
Is 3124801 prime?
True
Is 16597 a composite number?
True
Is 290737 a prime number?
True
Is 117761 composite?
True
Is 1973 composite?
False
Is 4699 composite?
True
Is 14923 a composite number?
False
Is 5981 a composite number?
False
Is 132013 a composite number?
True
Is 835379 prime?
True
Is 349079 prime?
True
Is 119027 prime?
True
Is 9239 prime?
True
Is 8263 a prime number?
True
Is 2286547 a prime number?
False
Is 2165591 prime?
True
Is 12187 a prime number?
False
Is 11147 a composite number?
True
Is 113858 composite?
True
Is 2482279 composite?
False
Is 5667 a prime number?
False
Is 319109 prime?
False
Is 25567 composite?
True
Is 20477 prime?
True
Is 62803 a composite number?
True
Is 1101761 a prime number?
True
Is 9199 a composite number?
False
Is 275641 prime?
True
Is 124291 a composite number?
False
Is 21295 a prime number?
False
Is 25393 a prime number?
False
Is 109598 prime?
False
Is 4721 prime?
True
Is 16739 prime?
False
Is 404249 prime?
True
Is 2761 a composite number?
True
Is 581363 composite?
True
Is 59197 a prime number?
True
Is 32989 a composite number?
True
Is 1557593 a composite number?
False
Is 20401 prime?
False
Is 16301 a prime number?
True
Is 8179 prime?
True
Is 1089917 prime?
True
Is 15999 prime?
False
Is 10133 a composite number?
False
Is 1761733 a composite number?
False
Is 24257 a prime number?
False
Is 1231631 composite?
False
Is 2281 a composite number?
False
Is 282869 composite?
False
Is 59803 a composite number?
True
Is 162251 a prime number?
True
Is 55291 a composite number?
False
Is 140879 a prime number?
False
Is 713 a composite number?
True
Is 118603 prime?
True
Is 5541 prime?
False
Is 36659 a prime number?
False
Is 210931 prime?
False
Is 527 a composite number?
True
Is 10211 a prime number?
True
Is 21149 a composite number?
False
Is 1087 a composite number?
False
Is 1381 a composite numb